alculate the remainder when 104 is divided by 40.
24
Calculate the remainder when 13491 is divided by 131.
129
What is the remainder when 32 is divided by 22?
10
Calculate the remainder when 216 is divided by 111.
105
What is the remainder when 380 is divided by 64?
60
Calculate the remainder when 182 is divided by 87.
8
What is the remainder when 164 is divided by 11?
10
What is the remainder when 460 is divided by 245?
215
Calculate the remainder when 430 is divided by 14.
10
Calculate the remainder when 1828 is divided by 141.
136
What is the remainder when 1300 is divided by 650?
0
Calculate the remainder when 181 is divided by 55.
16
Calculate the remainder when 393 is divided by 10.
3
What is the remainder when 77 is divided by 15?
2
What is the remainder when 875 is divided by 433?
9
Calculate the remainder when 524 is divided by 242.
40
What is the remainder when 1106 is divided by 31?
21
Calculate the remainder when 13212 is divided by 73.
72
What is the remainder when 311 is divided by 55?
36
Calculate the remainder when 1466 is divided by 439.
149
What is the remainder when 43 is divided by 12?
7
What is the remainder when 352 is divided by 108?
28
What is the remainder when 3278 is divided by 9?
2
What is the remainder when 100 is divided by 56?
44
What is the remainder when 19311 is divided by 222?
219
What is the remainder when 6799 is divided by 970?
9
What is the remainder when 33 is divided by 8?
1
What is the remainder when 229 is divided by 33?
31
What is the remainder when 767 is divided by 14?
11
What is the remainder when 1098 is divided by 157?
156
Calculate the remainder when 17 is divided by 17.
0
Calculate the remainder when 1992 is divided by 7.
4
Calculate the remainder when 513 is divided by 12.
9
Calculate the remainder when 63 is divided by 36.
27
Calculate the remainder when 174 is divided by 58.
0
What is the remainder when 3324 is divided by 19?
18
Calculate the remainder when 270 is divided by 69.
63
What is the remainder when 102 is divided by 26?
24
Calculate the remainder when 1626 is divided by 538.
12
What is the remainder when 77 is divided by 72?
5
Calculate the remainder when 162 is divided by 24.
18
Calculate the remainder when 841 is divided by 79.
51
Calculate the remainder when 1561 is divided by 34.
31
What is the remainder when 511 is divided by 282?
229
What is the remainder when 995 is divided by 246?
11
What is the remainder when 3117 is divided by 26?
23
Calculate the remainder when 202 is divided by 29.
28
What is the remainder when 39 is divided by 7?
4
What is the remainder when 2731 is divided by 901?
28
What is the remainder when 328 is divided by 213?
115
Calculate the remainder when 1414 is divided by 24.
22
What is the remainder when 6750 is divided by 104?
94
Calculate the remainder when 100 is divided by 23.
8
What is the remainder when 20 is divided by 6?
2
What is the remainder when 31 is divided by 20?
11
What is the remainder when 2011 is divided by 38?
35
Calculate the remainder when 1078 is divided by 47.
44
What is the remainder when 67 is divided by 41?
26
Calculate the remainder when 2813 is divided by 7.
6
What is the remainder when 85 is divided by 6?
1
Calculate the remainder when 135 is divided by 23.
20
Calculate the remainder when 4601 is divided by 118.
117
What is the remainder when 1370 is divided by 26?
18
What is the remainder when 78 is divided by 9?
6
Calculate the remainder when 22 is divided by 5.
2
What is the remainder when 106 is divided by 11?
7
What is the remainder when 2370 is divided by 37?
2
Calculate the remainder when 1916 is divided by 71.
70
Calculate the remainder when 1253 is divided by 19.
18
What is the remainder when 1295 is divided by 72?
71
Calculate the remainder when 2748 is divided by 10.
8
Calculate the remainder when 1618 is divided by 163.
151
Calculate the remainder when 1804 is divided by 11.
0
Calculate the remainder when 1109 is divided by 10.
9
What is the remainder when 566 is divided by 114?
110
Calculate the remainder when 285 is divided by 39.
12
Calculate the remainder when 121 is divided by 41.
39
Calculate the remainder when 60 is divided by 11.
5
Calculate the remainder when 743 is divided by 93.
92
What is the remainder when 61 is divided by 16?
13
Calculate the remainder when 114 is divided by 18.
6
Calculate the remainder when 512 is divided by 71.
15
What is the remainder when 11087 is divided by 21?
20
What is the remainder when 17 is divided by 15?
2
What is the remainder when 4091 is divided by 132?
131
What is the remainder when 632 is divided by 5?
2
Calculate the remainder when 139 is divided by 43.
10
Calculate the remainder when 28 is divided by 11.
6
Calculate the remainder when 232 is divided by 55.
12
Calculate the remainder when 224 is divided by 47.
36
What is the remainder when 725 is divided by 66?
65
Calculate the remainder when 1753 is divided by 39.
37
What is the remainder when 958 is divided by 106?
4
Calculate the remainder when 53 is divided by 9.
8
What is the remainder when 1247 is divided by 52?
51
Calculate the remainder when 1102 is divided by 364.
10
What is the remainder when 1183 is divided by 121?
94
Calculate the remainder when 198 is divided by 5.
3
Calculate the remainder when 124 is divided by 36.
16
Calculate the remainder when 292 is divided by 151.
141
What is the remainder when 534 is divided by 49?
44
Calculate the remainder when 190 is divided by 41.
26
Calculate the remainder when 1421 is divided by 1398.
23
What is the remainder when 245 is divided by 18?
11
What is the remainder when 5062 is divided by 6?
4
Calculate the remainder when 764 is divided by 12.
8
Calculate the remainder when 26 is divided by 7.
5
Calculate the remainder when 192 is divided by 17.
5
What is the remainder when 715 is divided by 95?
50
Calculate the remainder when 7434 is divided by 22.
20
Calculate the remainder when 844 is divided by 4.
0
What is the remainder when 455 is divided by 68?
47
Calculate the remainder when 521 is divided by 18.
17
Calculate the remainder when 1553 is divided by 7.
6
Calculate the remainder when 2654 is divided by 32.
30
What is the remainder when 1024 is divided by 144?
16
What is the remainder when 244 is divided by 58?
12
Calculate the remainder when 192 is divided by 14.
10
Calculate the remainder when 1067 is divided by 171.
41
What is the remainder when 796 is divided by 46?
14
What is the remainder when 4678 is divided by 180?
178
Calculate the remainder when 977 is divided by 488.
1
What is the remainder when 617 is divided by 62?
59
Calculate the remainder when 1587 is divided by 514.
45
What is the remainder when 222 is divided by 31?
5
What is the remainder when 311 is divided by 24?
23
Calculate the remainder when 242 is divided by 27.
26
Calculate the remainder when 427 is divided by 147.
133
What is the remainder when 116 is divided by 44?
28
What is the remainder when 236 is divided by 63?
47
Calculate the remainder when 388 is divided by 45.
28
What is the remainder when 260 is divided by 24?
20
Calculate the remainder when 12390 is divided by 12.
6
Calculate the remainder when 412 is divided by 138.
136
What is the remainder when 35 is divided by 2?
1
Calculate the remainder when 1014 is divided by 24.
6
What is the remainder when 669 is divided by 110?
9
Calculate the remainder when 1105 is divided by 158.
157
What is the remainder when 209 is divided by 149?
60
What is the remainder when 1956 is divided by 95?
56
Calculate the remainder when 1034 is divided by 23.
22
Calculate the remainder when 575 is divided by 64.
63
Calculate the remainder when 823 is divided by 83.
76
What is the remainder when 104 is divided by 11?
5
Calculate the remainder when 126 is divided by 76.
50
What is the remainder when 22 is divided by 14?
8
Calculate the remainder when 150 is divided by 20.
10
Calculate the remainder when 62 is divided by 16.
14
Calculate the remainder when 891 is divided by 304.
283
What is the remainder when 6570 is divided by 329?
319
Calculate the remainder when 11 is divided by 7.
4
What is the remainder when 787 is divided by 262?
1
What is the remainder when 14272 is divided by 60?
52
What is the remainder when 183 is divided by 92?
91